 a multiple of 69?
True
Is 20842474 a multiple of 501?
False
Is 105806484 a multiple of 148?
False
Is 133 a factor of 71288798?
True
Is 146 a factor of 10318992?
False
Does 102 divide 8513634?
True
Is 6224081 a multiple of 9?
False
Does 81 divide 14738112?
True
Is 2447 a factor of 29861363?
False
Does 39 divide 82898153?
False
Is 215470311 a multiple of 2186?
False
Does 1809 divide 77190465?
False
Is 948406577 a multiple of 4389?
False
Does 121 divide 72781621?
True
Is 184 a factor of 4244413?
False
Is 48 a factor of 590729738?
False
Is 3541 a factor of 912554651?
True
Does 19 divide 50531670?
False
Does 9926 divide 27858176?
False
Is 7835904 a multiple of 456?
True
Is 13561768 a multiple of 1154?
False
Is 392866128 a multiple of 828?
True
Is 962 a factor of 51484276?
False
Is 61 a factor of 937133145?
False
Is 12 a factor of 94981524?
True
Does 18 divide 59879052?
True
Does 13 divide 35836957?
True
Is 408 a factor of 1811690?
False
Does 28 divide 506873276?
True
Is 67634675 a multiple of 88?
False
Does 806 divide 1583633094?
False
Is 215991442 a multiple of 1606?
False
Is 36345075 a multiple of 39?
True
Does 1356 divide 318558309?
False
Does 14 divide 160438259?
False
Does 2980 divide 3216085416?
False
Is 384 a factor of 4970991?
False
Is 145 a factor of 419481460?
False
Is 202857652 a multiple of 146?
False
Is 168 a factor of 207968401?
False
Is 2264847147 a multiple of 9?
True
Is 4799324 a multiple of 38?
True
Is 810284349 a multiple of 36?
False
Is 124 a factor of 57244006?
False
Is 8 a factor of 97689288?
True
Does 121 divide 105274477?
True
Is 13 a factor of 119451554?
False
Is 14 a factor of 31778200?
False
Is 570799038 a multiple of 1041?
True
Is 6949 a factor of 862079867?
False
Is 74 a factor of 42139430?
False
Is 65633046 a multiple of 60?
False
Is 475241460 a multiple of 1802?
True
Is 11 a factor of 516156115?
False
Is 56 a factor of 6681937?
False
Is 62 a factor of 4767676?
True
Does 709 divide 11121374?
True
Does 319 divide 917852001?
True
Is 175325105 a multiple of 11?
False
Does 150 divide 76823922?
False
Does 648 divide 24672196?
False
Is 378 a factor of 51942492?
True
Is 3866153 a multiple of 3?
False
Is 821 a factor of 1275517094?
True
Is 1113 a factor of 450477846?
True
Does 953 divide 302882144?
False
Is 446102304 a multiple of 2091?
True
Does 117 divide 11683039?
False
Does 523 divide 84892314?
True
Is 26646210 a multiple of 535?
True
Is 7 a factor of 20323214?
False
Does 81 divide 3448326219?
False
Does 90 divide 70838738?
False
Does 1886 divide 1083516430?
True
Is 888846500 a multiple of 20?
True
Is 67 a factor of 3692509385?
False
Does 82 divide 10461560?
True
Does 46 divide 623278932?
True
Is 53436460 a multiple of 490?
True
Is 1213 a factor of 609595979?
False
Does 5291 divide 906501120?
False
Is 315986001 a multiple of 330?
False
Is 184 a factor of 151498608?
True
Is 18724861 a multiple of 3?
False
Is 826669046 a multiple of 1173?
False
Is 11844880 a multiple of 1385?
False
Does 1203 divide 126304173?
True
Does 97 divide 1007236554?
True
Is 561896090 a multiple of 14?
True
Does 12 divide 11444896?
False
Is 1454 a factor of 83424704?
True
Does 133 divide 2493372014?
True
Is 2048 a factor of 2391982344?
False
Is 537 a factor of 59661774?
True
Is 71402553 a multiple of 33?
False
Is 88 a factor of 1686641352?
True
Does 13 divide 355675040?
False
Is 252848900 a multiple of 25?
True
Does 12209 divide 1762755974?
False
Is 31 a factor of 80503621?
True
Does 5338 divide 1843793163?
False
Is 153 a factor of 15179130?
True
Is 408181781 a multiple of 13?
False
Is 255080580 a multiple of 10?
True
Is 729774357 a multiple of 13?
True
Does 174 divide 19672092?
True
Is 273 a factor of 983327652?
False
Is 882 a factor of 216233196?
False
Does 443 divide 32539095?
False
Is 523332642 a multiple of 294?
True
Is 137 a factor of 34721691?
True
Is 197 a factor of 41351553?
False
Is 171 a factor of 17875314?
True
Does 30 divide 93426971?
False
Is 89 a factor of 136119003?
True
Is 372 a factor of 17045077?
False
Does 92 divide 448452804?
True
Is 59076900 a multiple of 114?
False
Is 171722747 a multiple of 397?
True
Is 84986852 a multiple of 62?
False
Is 21 a factor of 41691195?
True
Is 166 a factor of 804578594?
True
Is 429 a factor of 7194759?
True
Does 199 divide 203002707?
False
Is 163871067 a multiple of 19?
True
Is 4 a factor of 158730144?
True
Is 18 a factor of 119432942?
False
Does 15 divide 2186345302?
False
Is 3465883 a multiple of 769?
True
Is 28 a factor of 690291181?
False
Is 222 a factor of 34543837?
False
Is 34352418 a multiple of 911?
False
Does 2544 divide 307460318?
False
Is 58332057 a multiple of 133?
False
Is 379 a factor of 112415190?
True
Is 43 a factor of 11458554?
True
Does 10 divide 72735900?
True
Does 9 divide 4282237?
False
Does 59 divide 2926223?
True
Is 2317 a factor of 139073291?
True
Does 904 divide 29137381?
False
Is 61563173 a multiple of 64?
False
Is 123 a factor of 42402600?
False
Is 2375142843 a multiple of 2245?
False
Is 36 a factor of 16459892?
False
Is 30 a factor of 8924087?
False
Is 205915309 a multiple of 433?
False
Is 7051486 a multiple of 882?
False
Is 657 a factor of 23703246?
True
Is 33 a factor of 1030496?
False
Is 3 a factor of 3553390?
False
Is 894772860 a multiple of 8290?
True
Does 13 divide 11276199?
False
Is 438 a factor of 11041898?
False
Is 63988848 a multiple of 2?
True
Does 9 divide 13886730?
True
Is 113 a factor of 302618672?
False
Is 3626437659 a multiple of 2369?
False
Is 427651822 a multiple of 347?
True
Does 15 divide 54651825?
True
Does 2 divide 24654694?
True
Is 74 a factor of 2110608?
False
Is 10000980 a multiple of 220?
True
Does 264 divide 74168680?
False
Is 499298048 even?
True
Is 50 a factor of 361391511?
False
Is 633 a factor of 555571448?
False
Is 587 a factor of 1765188832?
True
Does 484 divide 41704828?
True
Does 109 divide 334652631?
False
Is 61896952 a multiple of 559?
True
Does 5 divide 4659360?
True
Is 113987373 a multiple of 2?
False
Does 410 divide 286167700?
True
Is 11 a factor of 488739192?
False
Does 316 divide 1191092453?
False
Does 231 divide 5357121?
True
Does 17 divide 29594110?
True
Does 2389 divide 219938507?
True
Does 8 divide 34523440?
True
Is 1276 a factor of 801197865?
False
Does 732 divide 2803579?
False
Is 858168720 a multiple of 15?
True
Is 167 a factor of 308092473?
False
Does 696 divide 19790064?
True
Is 11 a factor of 22423214?
True
Is 819 a factor of 340844868?
True
Is 564204476 a multiple of 391?
False
Is 40425424 a multiple of 4?
True
Is 439096000 a multiple of 140?
True
Is 40806480 a multiple of 12?
True
Is 14 a factor of 7157455?
False
Is 624 a factor of 488056407?
False
Is 225912524 a multiple of 75?
False
Is 20 a factor of 1670427267?
False
Does 2620 divide 272144640?
True
Does 166 divide 763919716?
True
Does 524 divide 103006872?
True
Is 8 a factor of 333025462?
False
Is 2828 a factor of 3273181665?
False
Is 40420098 a multiple of 24?
False
Is 72167678 a multiple of 404?
False
Is 217107800 a multiple of 553?
True
Does 5990 divide 1804044240?
True
Does 3 divide 14764266?
True
Is 1353 a factor of 29940929?
False
Does 226 divide 30594136?
False
Is 468819036 a multiple of 14?
True
Is 261710143 a multiple of 16?
False
Is 3146266728 a multiple of 72?
True
Is 43541199 a multiple of 351?
True
Is 28878461 a multiple of 323?
True
Does 20 divide 112896060?
True
Does 16 divide 298161182?
False
Is 3961 a factor of 251083516?
False
Does 14 divide 260641900?
False
Does 12 divide 545084064?
True
Does 363 divide 201328272?
False
Is 42410048 a multiple of 5?
False
Does 58 divide 702355?
False
Is 440512124 a multiple of 559?
True
Does 21 divide 4264827?
True
Does 181 divide 23661768?
True
Is 677 a factor of 63840423?
True
Does 77 divide 57674617?
True
Is 96077494 a multiple of 310?
False
Does 323 divide 48681873?
False
Is 234 a factor of 4783497?
False
Is 5 a factor of 62530160?
True
Is 238198415 a multiple of 3367?
True
Is 95469330 a multiple of 6?
True
Is 7389942 a multiple of 47?
False
Is 192 a factor of 169551990?
False
Does 13 divide 79718118?
False
Does 28 divide 181967324?
True
Is 578 a factor of 42450054?
True
Is 203 a factor of 404442990?
True
Is 213081600 a multiple of 100?
True
Does 124 divide 2516375416?
False
Is 60 a factor of 221136840?
T